s 6199183 composite?
False
Is 4312877 composite?
True
Is 5216083 a prime number?
True
Is 121695559 composite?
False
Is 49549183 a composite number?
True
Is 10998671 a composite number?
False
Is 4223101 a composite number?
True
Is 778101089 a composite number?
False
Is 356124191 composite?
False
Is 111044501 a prime number?
True
Is 1980395 a composite number?
True
Is 9806417 a composite number?
True
Is 27408271 a prime number?
False
Is 84172279 composite?
False
Is 3771379 composite?
True
Is 15369161 composite?
False
Is 5487719 a prime number?
False
Is 2656289 prime?
True
Is 29141369 composite?
False
Is 241579409 composite?
False
Is 1006362349 composite?
False
Is 2757761 prime?
True
Is 53276291 a composite number?
True
Is 10919159 composite?
True
Is 16800937 prime?
False
Is 680689 prime?
False
Is 11724833 prime?
True
Is 19735511 a prime number?
True
Is 2226721 a prime number?
False
Is 14981983 composite?
True
Is 3747019 prime?
True
Is 477161 composite?
True
Is 218783 a prime number?
True
Is 9308935 a prime number?
False
Is 14220007 composite?
True
Is 7255 a composite number?
True
Is 335389177 prime?
False
Is 66318931 a composite number?
True
Is 10358591 a prime number?
False
Is 101842193 composite?
False
Is 12301229 a composite number?
False
Is 417709729 a prime number?
False
Is 90089261 a prime number?
True
Is 31884799 a prime number?
True
Is 1785181 a prime number?
False
Is 19333597 composite?
False
Is 246097 prime?
True
Is 2713933 prime?
True
Is 29105561 a composite number?
False
Is 113909561 composite?
True
Is 17425063 a prime number?
True
Is 57680317 a prime number?
False
Is 4472497 prime?
True
Is 1361999 a prime number?
True
Is 19743 composite?
True
Is 656083 prime?
False
Is 1227544181 a prime number?
True
Is 11529041 composite?
False
Is 1537607 prime?
True
Is 5839793 a prime number?
False
Is 9263567 a composite number?
False
Is 1315481 a prime number?
True
Is 370019 prime?
False
Is 5561513 a prime number?
True
Is 240468301 a prime number?
True
Is 32947 prime?
False
Is 3560143 composite?
True
Is 175866797 composite?
False
Is 6384439 a composite number?
False
Is 7484753 a prime number?
False
Is 3559615 a composite number?
True
Is 1546757 composite?
False
Is 107857411 a composite number?
False
Is 179600783 prime?
False
Is 13118059 prime?
True
Is 525119 composite?
True
Is 35334679 prime?
True
Is 191106623 prime?
True
Is 41719 a composite number?
False
Is 104996839 a composite number?
True
Is 2388473 a prime number?
True
Is 4237829 a composite number?
False
Is 3846643 a prime number?
True
Is 1400533 composite?
True
Is 860327 composite?
True
Is 2082611 a prime number?
False
Is 210963971 composite?
True
Is 2036861 a composite number?
False
Is 255505477 prime?
True
Is 9886301 composite?
False
Is 13764665 a prime number?
False
Is 493997 a prime number?
False
Is 1379447 composite?
False
Is 14703061 prime?
False
Is 107783471 prime?
False
Is 206796173 composite?
False
Is 159697 prime?
True
Is 235629323 composite?
True
Is 6176659 a composite number?
True
Is 32683099 a prime number?
False
Is 2022451 prime?
False
Is 29059223 a prime number?
True
Is 73285469 a composite number?
False
Is 17248831 a prime number?
False
Is 26854801 prime?
False
Is 13614473 a prime number?
False
Is 12200257 composite?
True
Is 14129117 prime?
False
Is 3195461 a composite number?
False
Is 115938013 prime?
False
Is 539666909 a prime number?
False
Is 36735739 prime?
True
Is 111133507 a composite number?
False
Is 452021 composite?
True
Is 15778471 a composite number?
True
Is 16909447 composite?
False
Is 41033849 a composite number?
False
Is 38114023 composite?
False
Is 60708289 a prime number?
False
Is 1459522 composite?
True
Is 278053637 a composite number?
False
Is 143146657 a composite number?
True
Is 25767791 composite?
True
Is 218136227 prime?
True
Is 8118329 a prime number?
True
Is 12420697 a prime number?
False
Is 72199957 a composite number?
True
Is 3042457 a composite number?
True
Is 15029449 a composite number?
True
Is 9900589 a prime number?
True
Is 17531311 composite?
True
Is 187379239 a prime number?
True
Is 15576923 prime?
True
Is 7451351 a composite number?
False
Is 8264989 a prime number?
False
Is 5465741 composite?
False
Is 1113851 a prime number?
False
Is 567677633 prime?
False
Is 23226239 a composite number?
False
Is 87835513 a composite number?
False
Is 127685939 composite?
False
Is 29400041 a composite number?
True
Is 266632423 a prime number?
False
Is 34518697 composite?
True
Is 1185685 prime?
False
Is 62872373 a composite number?
False
Is 4529789 prime?
False
Is 9013627 prime?
False
Is 41038903 composite?
False
Is 2333611747 prime?
True
Is 23076731 prime?
False
Is 104989823 composite?
True
Is 34822067 a prime number?
False
Is 292909 a prime number?
True
Is 4217647 prime?
False
Is 989471 a prime number?
False
Is 5591081 a prime number?
True
Is 789164669 a prime number?
True
Is 74342165 composite?
True
Is 2518913 a composite number?
False
Is 1490507 a composite number?
False
Is 10761901 composite?
True
Is 3411997 prime?
True
Is 296826653 a composite number?
True
Is 317195 composite?
True
Is 755561 a prime number?
True
Is 539410813 a prime number?
True
Is 3560911 a composite number?
True
Is 16465327 a prime number?
True
Is 15838787 prime?
True
Is 5957603 a prime number?
False
Is 29259871 composite?
False
Is 164102285 a prime number?
False
Is 35760943 a prime number?
False
Is 28477403 composite?
False
Is 727049 prime?
True
Is 16978931 composite?
False
Is 264029 prime?
True
Is 159821047 prime?
True
Is 27559399 prime?
False
Is 27078437 prime?
False
Is 680175791 a prime number?
True
Is 37287581 a prime number?
False
Is 1681441 composite?
True
Is 2151899 a prime number?
True
Is 9172237 prime?
True
Is 4369649 composite?
False
Is 55929191 a prime number?
True
Is 26688279 a prime number?
False
Is 23914906 prime?
False
Is 13033697 prime?
True
Is 19924543 a prime number?
True
Is 710336701 a composite number?
True
Is 8980637 a composite number?
False
Is 37648213 composite?
True
Is 3137943 prime?
False
Is 50527843 a prime number?
True
Is 12317063 prime?
False
Is 1643669 a prime number?
True
Is 85178794 a prime number?
False
Is 227001823 a composite number?
False
Is 1801259 prime?
True
Is 78751363 composite?
False
Is 11600257 prime?
False
Is 1876997 prime?
False
Is 12605237 composite?
False
Is 87281065 a composite number?
True
Is 4813511 a composite number?
False
Is 8538031 prime?
True
Is 36717 prime?
False
Is 16461503 composite?
False
Is 8353109 a prime number?
True
Is 14310451 prime?
True
Is 1968857 prime?
False
Is 8990963 prime?
False
Is 5206697 a prime number?
False
Is 1855061 a prime number?
False
Is 2912087 a prime number?
False
Is 39150487 composite?
False
Is 9498719 composite?
False
Is 168285439 composite?
True
Is 3282121 a prime number?
True
Is 5931449 a prime number?
True
Is 186241381 a prime number?
True
Is 6077507 a prime number?
True
Is 34426637 composite?
True
Is 7127777 composite?
True
Is 7432423 composite?
True
Is 1331881 a composite number?
True
Is 928769 composite?
False
Is 879472547 a prime number?
False
Is 858839 prime?
False
Is 8984771 prime?
True
Is 18510203 composite?
True
Is 62488913 prime?
True
Is 70627057 prime?
False
Is 509159143 a prime number?
True
Is 91572197 a prime number?
True
Is 77761 prime?
True
Is 128279 composite?
True
Is 33675722 a composite number?
True
Is 15121763 a composite number?
True
Is 545121869 a composite number?
False
Is 5257715 a prime number?
False
Is 2296669 a composite number?
True
Is 365079241 prime?
True
Is 300707797 a composite number?
True
Is 1709023 a composite number?
True
Is 26490914 prime?
False
Is 25771373 composite?
False
Is 121423871 prime?
True
Is 13346999 prime?
False
Is 91935633 a prime number?
False
Is 239545869 a composite number?
True
Is 198155 a composite number?
True
Is 85505307 a prime number?
False
Is 4612429 a prime number?
False
Is 15158443 a prime number?
True
Is 14120201 a composite number?
True
Is 3285413 a prime number?
False
Is 139619 prime?
True
Is 1953761 a prime number?
True
Is 41420957 a composite number?
True
Is 31561909 prime?
False
Is 152424001 composite?
True
Is 153458245 composite?
True
Is 36675383 prime?
True
Is 579947 prime?
True
Is 375686 a composite number?
True
Is 24905747 c